at are the prime factors of 1349?
19, 71
List the prime factors of 5667.
3, 1889
List the prime factors of 82075.
5, 7, 67
What are the prime factors of 11261?
11261
What are the prime factors of 916?
2, 229
List the prime factors of 25639.
25639
What are the prime factors of 5813?
5813
List the prime factors of 381.
3, 127
List the prime factors of 34638.
2, 3, 23, 251
What are the prime factors of 399?
3, 7, 19
List the prime factors of 3796.
2, 13, 73
What are the prime factors of 5647?
5647
What are the prime factors of 364?
2, 7, 13
What are the prime factors of 2287?
2287
What are the prime factors of 824?
2, 103
List the prime factors of 1871.
1871
What are the prime factors of 3492?
2, 3, 97
What are the prime factors of 1496?
2, 11, 17
What are the prime factors of 229?
229
What are the prime factors of 2105?
5, 421
List the prime factors of 183.
3, 61
What are the prime factors of 10166?
2, 13, 17, 23
What are the prime factors of 11134?
2, 19, 293
List the prime factors of 191.
191
What are the prime factors of 19734?
2, 3, 11, 13, 23
What are the prime factors of 20955?
3, 5, 11, 127
List the prime factors of 1162.
2, 7, 83
What are the prime factors of 3460?
2, 5, 173
What are the prime factors of 108165?
3, 5, 7211
List the prime factors of 1127.
7, 23
List the prime factors of 11140.
2, 5, 557
List the prime factors of 4007.
4007
What are the prime factors of 42295?
5, 11, 769
What are the prime factors of 5906?
2, 2953
List the prime factors of 2538.
2, 3, 47
List the prime factors of 48028.
2, 12007
List the prime factors of 6288.
2, 3, 131
List the prime factors of 3135.
3, 5, 11, 19
List the prime factors of 1835.
5, 367
What are the prime factors of 495?
3, 5, 11
List the prime factors of 9201.
3, 3067
List the prime factors of 2831.
19, 149
List the prime factors of 1427.
1427
List the prime factors of 9440.
2, 5, 59
List the prime factors of 21702.
2, 3, 3617
What are the prime factors of 376?
2, 47
List the prime factors of 879.
3, 293
List the prime factors of 593.
593
List the prime factors of 813.
3, 271
List the prime factors of 46290.
2, 3, 5, 1543
What are the prime factors of 800?
2, 5
What are the prime factors of 5985?
3, 5, 7, 19
What are the prime factors of 201?
3, 67
List the prime factors of 31497.
3, 10499
What are the prime factors of 20053?
11, 1823
List the prime factors of 2553.
3, 23, 37
List the prime factors of 3633.
3, 7, 173
List the prime factors of 16454.
2, 19, 433
What are the prime factors of 45558?
2, 3, 2531
What are the prime factors of 797?
797
What are the prime factors of 13499?
13499
List the prime factors of 3744.
2, 3, 13
List the prime factors of 419.
419
List the prime factors of 101858.
2, 50929
What are the prime factors of 370?
2, 5, 37
What are the prime factors of 16976?
2, 1061
List the prime factors of 761.
761
List the prime factors of 4116.
2, 3, 7
List the prime factors of 143433.
3, 15937
List the prime factors of 22384.
2, 1399
List the prime factors of 22018.
2, 101, 109
List the prime factors of 16657.
16657
What are the prime factors of 3330?
2, 3, 5, 37
What are the prime factors of 4942?
2, 7, 353
What are the prime factors of 1553?
1553
List the prime factors of 315.
3, 5, 7
What are the prime factors of 8876?
2, 7, 317
What are the prime factors of 92438?
2, 46219
List the prime factors of 43113.
3, 7, 2053
List the prime factors of 697.
17, 41
List the prime factors of 1192.
2, 149
What are the prime factors of 1689?
3, 563
List the prime factors of 5587.
37, 151
What are the prime factors of 5816?
2, 727
List the prime factors of 9829.
9829
What are the prime factors of 1286?
2, 643
List the prime factors of 2474.
2, 1237
List the prime factors of 325.
5, 13
What are the prime factors of 800?
2, 5
What are the prime factors of 6118?
2, 7, 19, 23
List the prime factors of 49653.
3, 613
List the prime factors of 6896.
2, 431
What are the prime factors of 4448?
2, 139
What are the prime factors of 1051?
1051
What are the prime factors of 117235?
5, 23447
List the prime factors of 2227.
17, 131
List the prime factors of 266.
2, 7, 19
List the prime factors of 3711.
3, 1237
What are the prime factors of 5164?
2, 1291
List the prime factors of 111215.
5, 13, 29, 59
What are the prime factors of 98238?
2, 3, 7, 2339
What are the prime factors of 15142?
2, 67, 113
What are the prime factors of 566?
2, 283
What are the prime factors of 2337?
3, 19, 41
What are the prime factors of 3595?
5, 719
List the prime factors of 82282.
2, 41141
List the prime factors of 1048.
2, 131
What are the prime factors of 23353?
11, 193
What are the prime factors of 1870?
2, 5, 11, 17
What are the prime factors of 1367?
1367
What are the prime factors of 20681?
20681
List the prime factors of 5456.
2, 11, 31
List the prime factors of 922.
2, 461
What are the prime factors of 12797?
67, 191
List the prime factors of 2758.
2, 7, 197
What are the prime factors of 4791?
3, 1597
List the prime factors of 37808.
2, 17, 139
What are the prime factors of 68077?
19, 3583
What are the prime factors of 2699?
2699
List the prime factors of 8164.
2, 13, 157
What are the prime factors of 4961?
11, 41
List the prime factors of 7142.
2, 3571
What are the prime factors of 44410?
2, 5, 4441
List the prime factors of 27627.
3, 9209
List the prime factors of 8355.
3, 5, 557
What are the prime factors of 65453?
29, 37, 61
List the prime factors of 27777.
3, 47, 197
List the prime factors of 4155.
3, 5, 277
What are the prime factors of 36603?
3, 7, 83
What are the prime factors of 1061?
1061
What are the prime factors of 3936?
2, 3, 41
What are the prime factors of 3122?
2, 7, 223
What are the prime factors of 155827?
7, 113, 197
List the prime factors of 242.
2, 11
List the prime factors of 24152.
2, 3019
What are the prime factors of 2428?
2, 607
List the prime factors of 2868.
2, 3, 239
What are the prime factors of 19703?
17, 19, 61
What are the prime factors of 3057?
3, 1019
What are the prime factors of 136231?
59, 2309
List the prime factors of 1143.
3, 127
What are the prime factors of 20?
2, 5
What are the prime factors of 30964?
2, 7741
What are the prime factors of 99?
3, 11
List the prime factors of 306.
2, 3, 17
List the prime factors of 4884.
2, 3, 11, 37
List the prime factors of 8246.
2, 7, 19, 31
What are the prime factors of 154845?
3, 5, 31, 37
What are the prime factors of 1507?
11, 137
List the prime factors of 47010.
2, 3, 5, 1567
List the prime factors of 25034.
2, 12517
List the prime factors of 95951.
229, 419
What are the prime factors of 18550?
2, 5, 7, 53
List the prime factors of 3443.
11, 313
What are the prime factors of 5831?
7, 17
What are the prime factors of 5107?
5107
What are the prime factors of 6621?
3, 2207
What are the prime factors of 90867?
3, 7, 4327
List the prime factors of 2351.
2351
List the prime factors of 65215.
5, 13043
What are the prime factors of 17028?
2, 3, 11, 43
List the prime factors of 8635.
5, 11, 157
What are the prime factors of 686?
2, 7
What are the prime factors of 21690?
2, 3, 5, 241
What are the prime factors of 2?
2
List the prime factors of 9555.
3, 5, 7, 13
What are the prime factors of 765?
3, 5, 17
What are the prime factors of 10610?
2, 5, 1061
What are the prime factors of 4451?
4451
List the prime factors of 7071.
3, 2357
What are the prime factors of 15145?
5, 13, 233
What are the prime factors of 7448?
2, 7, 19
List the prime factors of 6795.
3, 5, 151
What are the prime factors of 2382?
2, 3, 397
What are the prime factors of 8668?
2, 11, 197
What are the prime factors of 451?
11, 41
What are the prime factors of 9244?
2, 2311
List the prime factors of 6814.
2, 3407
List the prime factors of 13152.
2, 3, 137
What are the prime factors of 548?
2, 137
List the prime factors of 322.
2, 7, 23
What are the prime factors of 990?
2, 3, 5, 11
List the prime factors of 25722.
2, 3, 1429
List the prime factors of 9979.
17, 587
What are the prime factors of 9309?
3, 29, 107
What are the prime factors of 98335?
5, 71, 277
What are the prime factors of 754?
2, 13, 29
What are the prime factors of 59482?
2, 29741
List the prime factors of 18455.
5, 3691
What are the prime factors of 12259?
13, 23, 41
What are the prime factors of 9438?
2, 3